t m be (i/6)/((-1)/(-9)). Let b(y) = -y**2 - 7*y - 5. Calculate b(m).
1
Suppose -h - 68 = 3*h. Let a = -12 - h. Let k be (2/a)/((-7)/(-35)). Let n(d) = d**3 - d**2 + d. Determine n(k).
6
Let n(c) = -3*c + 2. Let w(h) = -7*h + 4. Let q(g) = -13*n(g) + 6*w(g). What is q(-2)?
4
Let j(o) = 4*o**3 + 12*o**2 + 8*o - 10. Let w(m) be the first derivative of 3*m**4/4 + 8*m**3/3 + 5*m**2/2 - 7*m - 2. Let z(a) = -5*j(a) + 7*w(a). What is z(5)?
1
Let y(x) = x**2 - 10*x + 10. Suppose 3*i = -3*u + 15, 5*i = 2*u - 6*u + 18. Determine y(u).
-11
Let p(c) be the second derivative of -c**5/60 - c**4/8 + c**3/2 + c. Let x(b) be the second derivative of p(b). What is x(-3)?
3
Let i(h) = -h**2 + h + 9. Suppose 31 = -2*u - 17. Let v = -24 - u. Give i(v).
9
Let m = -6 + 9. Let t(k) = -6*k**2 + 0 + k**m + 6*k + 2*k**2 + 6 - 3*k**2. Determine t(6).
6
Suppose -7*u - 5*n + 18 = -3*u, -3*n = -u - 4. Let a(s) be the third derivative of s**6/60 - s**5/20 + s**4/24 + s**3/6 + 7*s**2. Give a(u).
7
Suppose 2*t = -3*u - 12, -2*t + 5*u + 20 = 3*t. Suppose z - 3*p + 2*p = t, z - 30 = -5*p. Let w(r) = r**2 - 4*r. Give w(z).
5
Let b(v) = -v**2 + 2*v + 4. Let w be b(4). Let g(s) = -s - 5. Calculate g(w).
-1
Suppose -6 = -3*n + 3*f, 4*n - 3*f = 2 + 9. Suppose 2*w = -3*o, n*o - 5*w = -0*w + 25. Let d(z) = -z**3 - 2*z**2 + 3*z. Determine d(o).
-10
Let f be 48/21 + 4/(-14). Let g(y) = f*y**2 + 4 - 2*y + y + 3*y**2 - y**3. Let z be (-28)/(-6) - (-1)/3. Give g(z).
-1
Let a(n) = -n**3 + 7*n**2 - n + 7. Let c be a(7). Let k(i) = 3*i + c*i - i. What is k(2)?
4
Suppose 0 = -3*x + 1 + 2. Let m be (-6 - -32) + (3 - x). Let q be ((-21)/m)/((-2)/8). Let i(w) = w - 4. What is i(q)?
-1
Let m(s) be the first derivative of -s**4/4 - 8*s**3/3 + s**2/2 + 11*s - 1. Give m(-8).
3
Let n(f) = 6 + 4*f - 3*f - f**2 + f + 2*f. What is n(6)?
-6
Let b(a) = a**2 + 9*a + 2. Let v(l) = l**2 + l + 1. Let o(d) = -b(d) + 2*v(d). Calculate o(6).
-6
Let s = -45 + 50. Let q(g) = -g + 3. Determine q(s).
-2
Let j(a) = a**2 - 3*a + 8. Let t be j(8). Let k be ((-9)/6)/(9/t). Let q be (-8)/(-6) - k/12. Let z(g) = -g**3 + g - 2. Determine z(q).
-8
Let m(q) = 1. Let v(w) = w + 10. Let j(c) = -14*m(c) + 2*v(c). Let n(d) = d**3 - 6*d**2 - 2*d + 6. Let r be n(6). Calculate j(r).
-6
Let q(t) be the third derivative of -t**5/30 + t**4/3 - 2*t**3/3 + 7*t**2. Calculate q(5).
-14
Suppose 0 = -q - 2*a + 2 - 0, 3*q + 3*a = 0. Let n(d) = -3*d**3 - 5*d**3 + 2*d - 1 + 4*d**2 + 10*d**3. Calculate n(q).
-5
Let v be 26/9 + (81/(-9))/(-81). Let g(f) = -f**3 + 2*f**2 + 2*f - 2. Give g(v).
-5
Let u(k) = k**3 - k**2. Let l(m) = 5*m**3 - 17*m**2 - m - 5. Let a(c) = l(c) - 6*u(c). Give a(-11).
6
Let m(b) = 13*b**3 - 3*b - 5 - 11*b**3 - 3*b**3 + 4 + 4*b**2. Calculate m(3).
-1
Let r(j) = 5*j + 11. Let p(y) = 6*y + 12. Let a(u) = 4*p(u) - 5*r(u). Determine a(-8).
1
Let f(x) be the first derivative of -x**4/24 + 5*x**3/6 - 3*x**2/2 + 1. Let q(m) be the second derivative of f(m). Calculate q(5).
0
Suppose 6*s - 3*s = 3*p + 9, 5*s = -4*p - 21. Let y = 3 + s. Let r(x) = 6 - x + 0 - y - 3. Give r(3).
-2
Let w(a) = a**3 - 6*a**2 + 7*a - 5. Let j(f) = -2*f**3 - 6*f**2 - 4*f + 1. Let g be j(-4). Let p be 182/g + 2/7. Give w(p).
-9
Suppose -2*w = 2*m - 14, 5*w - 5*m - 19 = -2*m. Let l(v) be the first derivative of -v**2/2 + 3*v - 1. Calculate l(w).
-2
Let l(i) be the second derivative of -i**3/3 + 4*i**2 - 6*i. Suppose -4*r + r = -24. Let f be (-75)/(-12) - 2/r. Determine l(f).
-4
Let t(i) = 5*i**2 + 2*i + 1. Suppose a + b = -7, -4*b = -5*b. Let d be a/9 - 4/18. What is t(d)?
4
Let a(r) = -3*r**2 + 41*r + 21. Let p be a(14). Let k(q) = q. Let h(v) = v**2 - 5*v + 3. Let d(y) = -h(y) + 3*k(y). Determine d(p).
4
Let i(l) = 4*l - 12 - 3*l - l**3 + 2*l**3 + l**2. Let y = 110 - 110. Calculate i(y).
-12
Let v(s) = 0*s - 3*s + 8 - 2*s + 3*s + s**2. Let c(h) = -h + 1. Let g(a) = 5*c(a) - v(a). Give g(-3).
-3
Let w be (-6)/(4*(-1)/2). Let x(q) be the first derivative of -3/2*q**2 + 6*q - 1/3*q**w + 3. What is x(-5)?
-4
Let h(d) = d**2 - 5*d + 1. Let q(l) = -3*l**2 + 11*l - 2. Let v(k) = 5*h(k) + 2*q(k). Let g(u) = 2*u - 4. Let y be g(6). Let z = y + -12. Determine v(z).
-3
Let q(y) be the second derivative of 7*y**4/6 - y**3/3 + y**2/2 + y - 36. Determine q(1).
13
Let o(k) be the third derivative of 1/24*k**4 - 5/6*k**3 + 0 - 4*k**2 + 0*k. Suppose -5*d = -2*f - 22, 18 = 3*d + 5*f - 20. What is o(d)?
1
Let f(s) be the first derivative of -s**2/2 + 10*s + 13. Give f(7).
3
Suppose 0 = -4*p + 3*r - 9, -p = 3*r + 7 - 1. Let y(s) = 5. Let q(k) = k + 4. Let w(m) = p*q(m) + 2*y(m). What is w(-2)?
4
Let s = 0 + 3. Let k be 3*s*(-4)/(-18). Let h(z) = -k*z + 2*z - z. Give h(2).
-2
Let f(z) = z + 1. Let l(b) = -b**2 - 7*b - 1. Let k = 0 - 6. Let t be l(k). Give f(t).
6
Suppose -3*t + 2*x - 11 = 0, 4*x - 7 - 9 = 4*t. Let w(a) = a**2 - 3. What is w(t)?
6
Suppose 4 = -c - 2*c - 4*r, 0 = -c + 5*r + 24. Suppose c*z = 10 + 2. Let i(j) = -j**2 + 2*j + 2. What is i(z)?
-1
Let p(j) = -j**3 - 5*j**2 - 3*j + 3. Let m be (-12)/((-4)/((-16)/(-6))). Let s(z) = 2*z - 8. Let h be s(m). Let l = h - 12. What is p(l)?
-1
Let o(h) = -h**2 - 9. Let d(l) = -2*l**2 - 10. Let u(s) = 2*d(s) - 3*o(s). What is u(0)?
7
Let s(o) = o - 8. Let l(k) = 1. Let a(w) = 2*l(w) + s(w). Let d be (30/(-2))/3*-1. What is a(d)?
-1
Let x = 9 - 7. Let z(c) = 3*c - 2*c**2 - 4*c + 3*c**x + 0*c**2 + 1. Calculate z(2).
3
Suppose 2*a + 25 = -2*z - 3*z, 0 = 3*z + 9. Let g(k) = -k**2 - 5*k + 5. Determine g(a).
5
Let a(s) = 2*s**3 - 3*s**3 + 2*s**3 + s + 0*s. Let g(c) = -5*c**3 - c**2 - 10*c - 3. Let o(d) = -6*a(d) - g(d). What is o(-2)?
7
Let u(k) be the first derivative of -k**4/4 + 5*k**3/3 - 3*k**2/2 + 2*k + 9. Determine u(4).
6
Let o = 1 - -1. Let c(j) = -2*j - j**2 - j**o + 1 + 4*j**2. Suppose 2 = 2*a - 0. Determine c(a).
1
Let f(i) be the first derivative of -9*i**4/4 + i**3/3 - i**2/2 + i + 20. What is f(1)?
-8
Let i(l) = -13*l**3 - l**2 + l + 1. Suppose 5*a = 4*z - 6, 0 = 2*z - 6*z + a - 2. What is i(z)?
12
Let u = -8 + 5. Let l be (-15)/10*(1 + u). Let i(q) = 5*q - 4*q**2 - q**l - 3*q - 6 + 3*q. Calculate i(-5).
-6
Let q(v) = -2*v - 6. Let j = -4 - -6. Let u(p) = 2 + p + j*p + 0. Let c be u(-2). Determine q(c).
2
Suppose 3*t - 2*t + 10 = 0. Let a = t - -3. Let q(p) = -p**3 - 8*p**2 - 7*p - 9. Determine q(a).
-9
Let p = 9 - 6. Let v(f) = -2 + 0 + f**p + 3 - 2*f - 4*f**2. Suppose -2*q = -5*b - q + 25, -2*b - 5*q = 17. Determine v(b).
-7
Let j be 1*(4/(-6) + (-49)/21). Let a(n) = 3*n - 2. Give a(j).
-11
Let q(b) = 6*b + 2. Suppose 3*w = 6*w + 3. Let m be q(w). Let c(l) = -l**2 - 6*l - 4. Calculate c(m).
4
Let x(c) = -c**2 + 1 - 1 - c - c**2. Let y be x(-1). Let b be 4 + -2*(0 - y). Let w(d) = d - 2. Determine w(b).
0
Let v(u) = 5*u. Let t(z) = z. Let f(g) = 9*t(g) - 2*v(g). Give f(5).
-5
Let y(q) be the first derivative of -q**4/4 - 7*q**3/3 - 4*q**2 + 3*q - 6. Determine y(-6).
15
Let h(o) = o**2 + 3. Let g(f) = 2*f**2 + 7. Let v(u) = 2*g(u) - 5*h(u). Suppose 10 = 8*r - 3*r. Suppose 2*m + 8 = -r*m. What is v(m)?
-5
Suppose -8 - 12 = -5*m. Let b(o) = o**3 - 4*o**2 + 2. Let f be b(m). Let l(n) = n**2 + n - n**f + n**3 - 2*n. Calculate l(2).
6
Suppose 5 = 5*j + 3*w, 4*j - 18 = 2*j + 2*w. Let q = 1 + 0. Let y be (j + -5)/(q/(-5)). Let h(b) = -b**3 + 4*b**2 + 6*b + 3. Give h(y).
8
Let a(g) = g - 6. Suppose 3*b - 4*k = -10, -4*b - 30 - 2 = 4*k. Let m = b + 10. Give a(m).
-2
Let q(h) = h - 3. Let a be q(3). Let b be (-2 + 2)/(a - 2). Let y(u) = 0*u - u + 2*u. Determine y(b).
0
Let g(q) = -3*q. Let k be g(-2). Suppose 5*p = 4*a - 39, a - 3*p = -k*p + 14. Let h = a - 8. Let y(s) = s**2 - 7*s + 3. Determine y(h).
-9
Let g(u) be the third derivative of u**5/60 + 3*u**4/8 + 7*u**3/6 + 4*u**2. Determine g(-6).
-11
Let n = -13 + 14. Let d(u) = -10*u + 3. Let t(c) = -c + 1. Let f(r) = n*d(r) - 4*t(r). Determine f(-1).
5
Let b(k) = -k**3 + 10*k**2 - 7*k + 8. Let w(m) = -m**3 + 9*m**2 - 6*m + 8. Let f(c) = 3*b(c) - 4*w(c). Determine f(6).
10
Suppose 10 = 2*s + 4. Let m(z) = z**3 - 5*z**2 + 3*z. What is m(s)?
-9
Let v = 13 + -7. Let g(p) = -5*p + v - 4 + 1 - 2. Give g(-1).
6
Let f(m) be the first derivative of 7 - 1/4*m**4 + 4*m - 3*m**2 - 7/3*m**3. Suppose -4 = 4*k - 5*q + 20, 5*q = 0. Calculate f(k).
4
Let y(j) = -j**2. Suppose -5*m + 1